Calculate the greatest common divisor of 45 and t.
15
Suppose -808 - 632 = -3*r. What is the greatest common divisor of 18 and r?
6
Let k = -132 - -127. Let p be -2*(k - (-20)/(-8)). What is the greatest common factor of 15 and p?
15
Let l(t) = -10*t + 32. Let y be l(2). Calculate the highest common factor of 108 and y.
12
Let x = 36 + -35. Calculate the greatest common factor of 2 and x.
1
Let s be -58*15/20*-12. What is the greatest common divisor of s and 58?
58
Let q = 75 - 66. Let s(f) = -2*f**3 - 25*f**2 - 10*f + 27. Let u be s(-12). Calculate the greatest common divisor of u and q.
3
Let r be 2*1*4 + -2. Suppose 141 = 5*o - 3*m - 291, -3*o + 4*m = -268. Let x be (o/9)/(2/r). What is the greatest common factor of x and 4?
4
Suppose -3*l = 2*l - 195. Suppose 15*b = 571 - 181. What is the greatest common divisor of l and b?
13
Suppose 12*g - 4*g = 24. Suppose 152 = -g*k + 464. Calculate the greatest common divisor of k and 8.
8
Let h(z) = -8*z - 11. Let x be h(0). Suppose -25 = -r + 2. Let j = x + r. What is the greatest common divisor of j and 80?
16
Suppose -27*n = 3*n - 300. Suppose 2 = -3*x + 4*p, 2*x + 2 = -2*x + 5*p. Suppose -x*q = -4*q + 8. What is the highest common factor of q and n?
2
Suppose -4*y - 166 = -4*c + 42, -5 = 5*y. What is the highest common divisor of 238 and c?
17
Let w(t) = 14*t**2 + 9*t + 3. Let p be w(-1). Calculate the highest common divisor of 328 and p.
8
Let p(a) = a**3 - 3*a**2 - 3*a + 9. Let b(y) = -y. Let u(t) = -b(t) - p(t). Let m be u(3). Calculate the highest common factor of 12 and m.
3
Let s = 3 - -4. Let n(f) = 2*f**3 + 20*f**2 + 21*f + 34. Let a be n(-9). What is the greatest common divisor of a and s?
7
Let v(j) = -8 - 135*j + 69*j + 74*j - j**2. Let b be v(4). Calculate the highest common divisor of b and 1.
1
Let q = 13 + -1. Let b be 1248/12 - 2*-2. What is the greatest common factor of b and q?
12
Let y(q) = 8*q - 5. Let j be y(4). Suppose -l + 37 + 17 = 0. Suppose -t + 6*t = 0, -3*x + l = -5*t. Calculate the greatest common factor of x and j.
9
Suppose 31 - 3613 = -2*v. Suppose 5*i + 351 - v = 0. Let d be 29 + 4 + 4/(-12)*3. What is the highest common divisor of i and d?
32
Let p = 1536 + -1029. Calculate the greatest common divisor of p and 26.
13
Suppose -6*g + 8*g - 650 = -2*f, 0 = -4*f + 20. Calculate the greatest common divisor of 80 and g.
80
Let k be -14 - -29 - 6/(-2). Suppose 5*r - 178 = -43. Calculate the highest common factor of r and k.
9
Let s be (-24)/(-84) - (-33)/7. Let q be 1/(0 + (-1)/(-40)). What is the greatest common divisor of s and q?
5
Let r(j) = -j**3 - 8*j**2 + 7*j + 137. Let n be r(-8). Suppose x - 6*x - 2*q = -47, 5*x = q + 44. Calculate the highest common divisor of n and x.
9
Let a = 47 - 45. Suppose -2*o = -2, 0 = f + a*o + 3*o - 45. What is the highest common divisor of f and 5?
5
Let v = 1950 - 414. Calculate the greatest common factor of 12 and v.
12
Let i = 1199 - 1181. Let v = 35 + -17. Calculate the greatest common divisor of v and i.
18
Suppose -9*m = -4*m - 85. What is the greatest common divisor of m and 799?
17
Let f(i) = 14*i**3 + 2*i**2 - 1. Let k be f(1). Suppose -14*y + k + 69 = 0. Let z be ((-4)/6 + 0)*-3. What is the greatest common divisor of z and y?
2
Let q(t) = t**2 + 4*t - 2. Let k be q(-5). Suppose k*w - 32 = -5*p, 5*w - p - 8 = 8. Suppose -2*l + w*l = 170. Calculate the highest common divisor of l and 34.
17
Let x = 315 - 135. Let r be (-39)/(39/(-68)) + 4/1. Calculate the highest common factor of x and r.
36
Suppose 5*q - 9 = 2*q. Let h be 6/q - 2/(2/(-207)). What is the highest common factor of h and 19?
19
Let t(l) be the second derivative of 3*l**3/2 + l**2 + 10*l. Let h be t(1). Let j = h - -97. What is the highest common factor of j and 12?
12
Let r = 30 - 28. Suppose -i = -r*u - 56, 5*u = -5*i - 150 - 20. Let c = u - -54. Calculate the highest common factor of 8 and c.
8
Suppose -u = 5*d - 118, 3*d + 0*d = -5*u + 62. Let y be (d/9)/((-1)/(-3)). Let i = -6 + y. What is the greatest common divisor of i and 18?
2
Let t(a) = a**2 + 6*a + 4. Suppose -5*d - q = 56, -d + 0 = 4*q - 4. Let u be t(d). Calculate the greatest common factor of u and 19.
19
Suppose -3*w - 6 = -p - 32, -4*p - 20 = 0. Calculate the highest common factor of w and 35.
7
Let o be 5 - 65/(60/(-12)). What is the greatest common divisor of o and 750?
6
Let f = 30 + -18. Suppose -f = -4*k + k. Suppose 0 = 2*m - k*m + 286. Calculate the highest common factor of 13 and m.
13
Suppose 0 = 14*i - 10*i - 200. What is the greatest common factor of 50 and i?
50
Suppose -3*j = 2*h - 11, 6*h - 3*j = 2*h - 5. Calculate the highest common divisor of 5 and h.
1
Let i be 1/(1 - 0) - -1. Suppose 0 = -z + r + 21, 4*z - i*r - 31 = 47. Suppose -u - z = -2*u. Calculate the highest common factor of u and 36.
18
Let i = -23 + 21. Suppose -4*c = -1 - 7. Let o be 99/i*c/(-3). Calculate the highest common divisor of 231 and o.
33
Let f be -12 + 6 - 17/(-1). Calculate the highest common factor of 275 and f.
11
Let y = -3 + 5. Let o(h) = 3*h**2 - h - 1. Let r be o(y). Suppose -5*z - r = -84. What is the greatest common factor of 30 and z?
15
Suppose 10 - 142 = -4*h. What is the highest common divisor of h and 209?
11
Let h be (7/12 - 22/(-33))*120. Let m = -1 + 5. Suppose -2*c - 50 = -4*w, -10 - 65 = -m*w - 3*c. What is the highest common factor of w and h?
15
Let h(q) = 6*q - 29. Let j be h(5). Let n be j*50*(-12)/(-30). Calculate the highest common factor of 4 and n.
4
Let b = -276 + 291. Calculate the greatest common divisor of b and 345.
15
Let m = -97 - -118. Let s be 1/(-3) + (-14)/m - -261. What is the greatest common divisor of s and 13?
13
Let g(b) = 4*b - 5. Let q be 2 + 7/(-35) + (-2)/(-10). Let s be g(q). What is the highest common divisor of 30 and s?
3
Suppose 20*y - 144 = 4*y. Let q(b) be the second derivative of b**4/12 - 3*b**3/2 + 9*b**2/2 + b. Let a be q(y). What is the highest common divisor of a and 81?
9
Suppose 25*x - 12486 = -3136. Calculate the highest common divisor of x and 68.
34
Let y be (28155/225 - -31) + (-2)/15. Let u = 4 - -8. What is the greatest common divisor of u and y?
12
Suppose -23317 - 9128 = -103*n. What is the highest common divisor of n and 21?
21
Let n = 58 - 34. Let x = n + -20. What is the greatest common divisor of 6 and x?
2
Let h be (1*2)/((-125)/(-68000)). Calculate the highest common factor of 128 and h.
64
Suppose 5*b - 867 = 123. Let r be (1 - (1 + 1)) + 23. What is the greatest common factor of b and r?
22
Let z(l) = -l + 6. Let s(v) = v**2 + 10*v + 10. Let a be s(-8). Let p be z(a). Let c = 3 - -81. Calculate the highest common divisor of p and c.
12
Let i(b) = b**2 - 10*b + 23. Let h be i(7). Suppose 5*s - s - 286 = w, -3*s + h*w = -212. Calculate the greatest common divisor of 9 and s.
9
Let h be (5 + 2 - 3) + 7. Suppose 7*k = 17 + h. Suppose -50 = -k*d + 46. Calculate the greatest common factor of 60 and d.
12
Suppose 0 = 3*t + t - w - 275, -2*w + 71 = t. What is the highest common factor of 736 and t?
23
Let f = 30 + -22. Suppose 0 = -5*h + f*h - 273. Calculate the highest common divisor of h and 13.
13
Suppose 66 = -10*i + 286. Let j be (10/1)/((-1)/(-11)). What is the highest common divisor of j and i?
22
Suppose 0 = -2*b + 4*d + 876, 10*b - 13*b = 2*d - 1282. What is the greatest common factor of 10 and b?
10
Let k = -11 + 25. Let o(l) = l**2 + 27*l - 21. Let y be o(-28). Let z be ((-26)/(-4))/(y/k). Calculate the highest common divisor of 52 and z.
13
Let k be (-2205)/98*(-4)/6. Calculate the highest common factor of k and 69.
3
Let g be ((-9745)/(-20) - -4) + (-15)/(-20). Calculate the greatest common factor of 6 and g.
6
Suppose 4*k - 6 = 2*k. Let m be k/(-12) + (-3)/(-12). Suppose 4*o - 7 + 3 = m. What is the highest common divisor of o and 1?
1
Suppose 6*h = 3*h. Let l(i) = 2*i + 63. Let p be l(h). What is the highest common factor of 42 and p?
21
Let w be (-26)/1 - -3 - (2 - -1). Let n be (32/208 - (-56)/w) + 35. What is the highest common factor of n and 3?
3
Let v(y) = -y**3 - 7*y**2 - 13*y - 25. Let m be v(-6). What is the highest common divisor of m and 272?
17
Suppose 4*w = -4*c - 404, -227 = 3*c - c - 3*w. Let y = c + 190. Calculate the greatest common factor of 56 and y.
28
Let z(m) = 23*m**3 + m**2 + m - 1. Let t be z